{"id":1357,"date":"2026-04-11T16:32:44","date_gmt":"2026-04-11T14:32:44","guid":{"rendered":"https:\/\/vsg-altglienicke.de\/volleyball\/services\/"},"modified":"2026-04-11T16:32:57","modified_gmt":"2026-04-11T14:32:57","slug":"services","status":"publish","type":"page","link":"https:\/\/vsg-altglienicke.de\/volleyball\/services\/","title":{"rendered":"Services"},"content":{"rendered":"\n<div class=\"wp-block-uagb-container uagb-layout-grid uagb-block-52a5e7a5 alignfull uagb-is-root-container\"><div class=\"uagb-container-inner-blocks-wrap\">\n<div class=\"wp-block-uagb-advanced-heading uagb-block-8f9583b5\"><div class=\"uagb-separator\"><\/div><h1 class=\"uagb-heading-text\">Entdecke unsere vielf\u00e4ltigen Volleyballangebote<\/h1><\/div>\n\n\n\n<div class=\"wp-block-uagb-advanced-heading uagb-block-0a094371\"><p class=\"uagb-heading-text\">Wir bieten Trainings, Events und Wettbewerbe f\u00fcr Volleyballbegeisterte aller Altersgruppen und F\u00e4higkeiten in unserer Gemeinschaft an.<\/p><\/div>\n<\/div><\/div>\n\n\n\n<div class=\"wp-block-uagb-container uagb-block-6d4e3205 alignfull uagb-is-root-container\"><div class=\"uagb-container-inner-blocks-wrap\">\n<div class=\"wp-block-uagb-image uagb-block-41997195 wp-block-uagb-image--layout-default wp-block-uagb-image--effect-static wp-block-uagb-image--align-none uag-hide-mob uag-blocks-common-selector\" style=\"--z-index-desktop:1;;--z-index-tablet:undefined;;--z-index-mobile:undefined;\"><figure class=\"wp-block-uagb-image__figure\"><img loading=\"lazy\" decoding=\"async\" srcset=\"https:\/\/vsg-altglienicke.de\/volleyball\/wp-content\/uploads\/2026\/04\/picture04.jpg ,https:\/\/vsg-altglienicke.de\/volleyball\/wp-content\/uploads\/2024\/06\/services-bg.jpg 780w, https:\/\/vsg-altglienicke.de\/volleyball\/wp-content\/uploads\/2024\/06\/services-bg.jpg 360w\" sizes=\"auto, (max-width: 480px) 150px\" src=\"https:\/\/vsg-altglienicke.de\/volleyball\/wp-content\/uploads\/2026\/04\/picture04.jpg\" alt=\"picture04\" class=\"uag-image-1321\" width=\"1200\" height=\"400\" title=\"services-bg\" loading=\"lazy\" role=\"img\"\/><\/figure><\/div>\n\n\n\n<div class=\"wp-block-uagb-container uagb-layout-grid uagb-block-f87c5a33\">\n<div class=\"wp-block-uagb-image uagb-block-d5cf57dc wp-block-uagb-image--layout-default wp-block-uagb-image--effect-static wp-block-uagb-image--align-none\"><figure class=\"wp-block-uagb-image__figure\"><img loading=\"lazy\" decoding=\"async\" srcset=\"https:\/\/vsg-altglienicke.de\/volleyball\/wp-content\/uploads\/2026\/04\/picture06.jpg ,https:\/\/vsg-altglienicke.de\/volleyball\/wp-content\/uploads\/2026\/04\/picture06.jpg 780w, https:\/\/vsg-altglienicke.de\/volleyball\/wp-content\/uploads\/2026\/04\/picture06.jpg 360w\" sizes=\"auto, (max-width: 480px) 150px\" src=\"https:\/\/vsg-altglienicke.de\/volleyball\/wp-content\/uploads\/2026\/04\/picture06.jpg\" alt=\"picture06\" class=\"uag-image-1322\" width=\"420\" height=\"450\" title=\"services-01\" loading=\"lazy\" role=\"img\"\/><\/figure><\/div>\n\n\n\n<div class=\"wp-block-uagb-info-box uagb-block-e13864df uagb-infobox__content-wrap  uagb-infobox-icon-above-title uagb-infobox-image-valign-top\"><div class=\"uagb-ifb-content\"><div class=\"uagb-ifb-title-wrap\"><span class=\"uagb-ifb-title-prefix\">01<\/span><h2 class=\"uagb-ifb-title\">Regelm\u00e4\u00dfiges Training<\/h2><\/div><p class=\"uagb-ifb-desc\">Unser regelm\u00e4\u00dfiges Training bietet Spielern aller Altersgruppen die M\u00f6glichkeit, ihre F\u00e4higkeiten zu verbessern. Unter Anleitung erfahrener Trainerlernen die Teilnehmer die grundlegenden Techniken des Volleyballspiels, sowohl im Einzel- als auch im Mannschaftstraining. Wir f\u00f6rdern nicht nur die k\u00f6rperliche Fitness, sondern auch Teamgeist und Fairness im Spiel. Ob Anf\u00e4nger oder Fortgeschrittener, jeder ist willkommen, Teil unserer Volleyballfamilie zu werden und gemeinsam mit uns zu wachsen.<\/p><\/div><\/div>\n<\/div>\n\n\n\n<div class=\"wp-block-uagb-container uagb-layout-grid uagb-block-482412be\">\n<div class=\"wp-block-uagb-info-box uagb-block-438eb260 uagb-infobox__content-wrap  uagb-infobox-icon-above-title uagb-infobox-image-valign-top\"><div class=\"uagb-ifb-content\"><div class=\"uagb-ifb-title-wrap\"><span class=\"uagb-ifb-title-prefix\">02<\/span><h2 class=\"uagb-ifb-title\">Turniere und Wettbewerbe<\/h2><\/div><p class=\"uagb-ifb-desc\">Wir organisieren regelm\u00e4\u00dfig Turniere und Wettbewerbe, die es unseren Mitgliedern erm\u00f6glichen, ihr K\u00f6nnen unter Beweis zu stellen. Diese Events f\u00f6rdern nicht nur den Wettkampfgeist, sondern st\u00e4rken auch den Zusammenhalt im Verein. Von lokalen Turnieren bis hin zu \u00fcberregionalen Wettbewerben bieten wir eine Plattform f\u00fcr spannende Spiele und pers\u00f6nliche Herausforderungen. Unsere Athleten haben die M\u00f6glichkeit, wertvolle Erfahrungen zu sammeln und ihre Leistung in einem unterst\u00fctzenden Umfeld zu messen. Auf diese Weise wachsen Team und Sportler gemeinsam.<\/p><\/div><\/div>\n\n\n\n<div class=\"wp-block-uagb-image uagb-block-9593fe77 wp-block-uagb-image--layout-default wp-block-uagb-image--effect-static wp-block-uagb-image--align-none\"><figure class=\"wp-block-uagb-image__figure\"><img loading=\"lazy\" decoding=\"async\" srcset=\"https:\/\/vsg-altglienicke.de\/volleyball\/wp-content\/uploads\/2026\/04\/picture08.jpg ,https:\/\/vsg-altglienicke.de\/volleyball\/wp-content\/uploads\/2026\/04\/picture08.jpg 780w, https:\/\/vsg-altglienicke.de\/volleyball\/wp-content\/uploads\/2026\/04\/picture08.jpg 360w\" sizes=\"auto, (max-width: 480px) 150px\" src=\"https:\/\/vsg-altglienicke.de\/volleyball\/wp-content\/uploads\/2026\/04\/picture08.jpg\" alt=\"picture08\" class=\"uag-image-1323\" width=\"420\" height=\"450\" title=\"services-02\" loading=\"lazy\" role=\"img\"\/><\/figure><\/div>\n<\/div>\n\n\n\n<div class=\"wp-block-uagb-container uagb-layout-grid uagb-block-bcade5ff\">\n<div class=\"wp-block-uagb-image uagb-block-3cb92e8a wp-block-uagb-image--layout-default wp-block-uagb-image--effect-static wp-block-uagb-image--align-none\"><figure class=\"wp-block-uagb-image__figure\"><img loading=\"lazy\" decoding=\"async\" srcset=\"https:\/\/vsg-altglienicke.de\/volleyball\/wp-content\/uploads\/2026\/04\/picture09.jpg ,https:\/\/vsg-altglienicke.de\/volleyball\/wp-content\/uploads\/2026\/04\/picture09.jpg 780w, https:\/\/vsg-altglienicke.de\/volleyball\/wp-content\/uploads\/2026\/04\/picture09.jpg 360w\" sizes=\"auto, (max-width: 480px) 150px\" src=\"https:\/\/vsg-altglienicke.de\/volleyball\/wp-content\/uploads\/2026\/04\/picture09.jpg\" alt=\"picture09\" class=\"uag-image-1324\" width=\"420\" height=\"450\" title=\"services-03\" loading=\"lazy\" role=\"img\"\/><\/figure><\/div>\n\n\n\n<div class=\"wp-block-uagb-info-box uagb-block-3d8f6cce uagb-infobox__content-wrap  uagb-infobox-icon-above-title uagb-infobox-image-valign-top\"><div class=\"uagb-ifb-content\"><div class=\"uagb-ifb-title-wrap\"><span class=\"uagb-ifb-title-prefix\">03<\/span><h2 class=\"uagb-ifb-title\">Workshops und Seminare<\/h2><\/div><p class=\"uagb-ifb-desc\">Unsere Workshops und Seminare zielen darauf ab, spezielle F\u00e4higkeiten im Volleyball zu f\u00f6rdern. Diese Veranstaltungen werden von erfahrenen Trainern geleitet, die ihre Kenntnisse und Techniken mit den Teilnehmern teilen. Ob es um Aufschlagtechnik, Blocken oder Kommunikation im Spiel geht, jeder Workshop bietet tiefere Einblicke und praxisnahe \u00dcbungen. Die Teilnehmer erhalten individuelles Feedback und die M\u00f6glichkeit, gezielt an ihren Schw\u00e4chen zu arbeiten, um ihre Spielweise nachhaltig zu verbessern.<\/p><\/div><\/div>\n<\/div>\n\n\n\n<div class=\"wp-block-uagb-container uagb-layout-grid uagb-block-66b30793\">\n<div class=\"wp-block-uagb-info-box uagb-block-fda47be5 uagb-infobox__content-wrap  uagb-infobox-icon-above-title uagb-infobox-image-valign-top\"><div class=\"uagb-ifb-content\"><div class=\"uagb-ifb-title-wrap\"><span class=\"uagb-ifb-title-prefix\">04<\/span><h2 class=\"uagb-ifb-title\">Gemeinschaftsveranstaltungen<\/h2><\/div><p class=\"uagb-ifb-desc\">Unsere Gemeinschaftsveranstaltungen sind darauf ausgerichtet, die Verbundenheit und den Spa\u00df am Volleyball zu f\u00f6rdern. Diese Events bieten nicht nur Gelegenheiten zum Spielen, sondern auch f\u00fcr Soziale Interaktionen und Team-Building. Wir organisieren sowohl interne Vereinsfeste als auch \u00f6ffentliche Events, bei denen wir den Volleyballsport in unserer Gemeinde feiern. Hier k\u00f6nnen alle, unabh\u00e4ngig vom Spielniveau, Freundschaften kn\u00fcpfen und Teil einer lebendigen Gemeinschaft werden, die den Sport sch\u00e4tzt und unterst\u00fctzt.<\/p><\/div><\/div>\n\n\n\n<div class=\"wp-block-uagb-image uagb-block-15026c62 wp-block-uagb-image--layout-default wp-block-uagb-image--effect-static wp-block-uagb-image--align-none\"><figure class=\"wp-block-uagb-image__figure\"><img loading=\"lazy\" decoding=\"async\" srcset=\"https:\/\/vsg-altglienicke.de\/volleyball\/wp-content\/uploads\/2026\/04\/picture10.jpg ,https:\/\/vsg-altglienicke.de\/volleyball\/wp-content\/uploads\/2026\/04\/picture10.jpg 780w, https:\/\/vsg-altglienicke.de\/volleyball\/wp-content\/uploads\/2026\/04\/picture10.jpg 360w\" sizes=\"auto, (max-width: 480px) 150px\" src=\"https:\/\/vsg-altglienicke.de\/volleyball\/wp-content\/uploads\/2026\/04\/picture10.jpg\" alt=\"picture10\" class=\"uag-image-1325\" width=\"420\" height=\"450\" title=\"services-04\" loading=\"lazy\" role=\"img\"\/><\/figure><\/div>\n<\/div>\n<\/div><\/div>\n\n\n","protected":false},"excerpt":{"rendered":"","protected":false},"author":1,"featured_media":0,"parent":0,"menu_order":0,"comment_status":"closed","ping_status":"closed","template":"","meta":{"_acf_changed":false,"site-sidebar-layout":"default","site-content-layout":"","ast-site-content-layout":"default","site-content-style":"default","site-sidebar-style":"default","ast-global-header-display":"","ast-banner-title-visibility":"","ast-main-header-display":"","ast-hfb-above-header-display":"","ast-hfb-below-header-display":"","ast-hfb-mobile-header-display":"","site-post-title":"disabled","ast-breadcrumbs-content":"","ast-featured-img":"","footer-sml-layout":"","ast-disable-related-posts":"","theme-transparent-header-meta":"enabled","adv-header-id-meta":"","stick-header-meta":"","header-above-stick-meta":"","header-main-stick-meta":"","header-below-stick-meta":"","astra-migrate-meta-layouts":"default","ast-page-background-enabled":"default","ast-page-background-meta":{"desktop":{"background-color":"var(--ast-global-color-4)","background-image":"","background-repeat":"repeat","background-position":"center center","background-size":"auto","background-attachment":"scroll","background-type":"","background-media":"","overlay-type":"","overlay-color":"","overlay-opacity":"","overlay-gradient":""},"tablet":{"background-color":"","background-image":"","background-repeat":"repeat","background-position":"center center","background-size":"auto","background-attachment":"scroll","background-type":"","background-media":"","overlay-type":"","overlay-color":"","overlay-opacity":"","overlay-gradient":""},"mobile":{"background-color":"","background-image":"","background-repeat":"repeat","background-position":"center center","background-size":"auto","background-attachment":"scroll","background-type":"","background-media":"","overlay-type":"","overlay-color":"","overlay-opacity":"","overlay-gradient":""}},"ast-content-background-meta":{"desktop":{"background-color":"var(--ast-global-color-5)","background-image":"","background-repeat":"repeat","background-position":"center center","background-size":"auto","background-attachment":"scroll","background-type":"","background-media":"","overlay-type":"","overlay-color":"","overlay-opacity":"","overlay-gradient":""},"tablet":{"background-color":"var(--ast-global-color-5)","background-image":"","background-repeat":"repeat","background-position":"center center","background-size":"auto","background-attachment":"scroll","background-type":"","background-media":"","overlay-type":"","overlay-color":"","overlay-opacity":"","overlay-gradient":""},"mobile":{"background-color":"var(--ast-global-color-5)","background-image":"","background-repeat":"repeat","background-position":"center center","background-size":"auto","background-attachment":"scroll","background-type":"","background-media":"","overlay-type":"","overlay-color":"","overlay-opacity":"","overlay-gradient":""}},"footnotes":""},"class_list":["post-1357","page","type-page","status-publish","hentry"],"acf":[],"_links":{"self":[{"href":"https:\/\/vsg-altglienicke.de\/volleyball\/wp-json\/wp\/v2\/pages\/1357","targetHints":{"allow":["GET"]}}],"collection":[{"href":"https:\/\/vsg-altglienicke.de\/volleyball\/wp-json\/wp\/v2\/pages"}],"about":[{"href":"https:\/\/vsg-altglienicke.de\/volleyball\/wp-json\/wp\/v2\/types\/page"}],"author":[{"embeddable":true,"href":"https:\/\/vsg-altglienicke.de\/volleyball\/wp-json\/wp\/v2\/users\/1"}],"replies":[{"embeddable":true,"href":"https:\/\/vsg-altglienicke.de\/volleyball\/wp-json\/wp\/v2\/comments?post=1357"}],"version-history":[{"count":3,"href":"https:\/\/vsg-altglienicke.de\/volleyball\/wp-json\/wp\/v2\/pages\/1357\/revisions"}],"predecessor-version":[{"id":1387,"href":"https:\/\/vsg-altglienicke.de\/volleyball\/wp-json\/wp\/v2\/pages\/1357\/revisions\/1387"}],"wp:attachment":[{"href":"https:\/\/vsg-altglienicke.de\/volleyball\/wp-json\/wp\/v2\/media?parent=1357"}],"curies":[{"name":"wp","href":"https:\/\/api.w.org\/{rel}","templated":true}]}}